
592
What is the highest common factor of 489779 and 26495?
757
Calculate the highest common factor of 12886973 and 35310.
1177
Calculate the highest common divisor of 4379 and 4886209.
151
What is the greatest common factor of 224 and 2767016?
56
What is the highest common divisor of 24843 and 128626407?
3549
Calculate the highest common divisor of 8956 and 127460.
4
Calculate the greatest common factor of 111005 and 6227455.
745
Calculate the greatest common divisor of 162 and 62973.
9
What is the greatest common factor of 41785 and 1355725?
305
Calculate the greatest common divisor of 24328576 and 110192.
1136
What is the greatest common factor of 161 and 76601937?
23
What is the greatest common factor of 25449 and 157386?
51
What is the highest common factor of 155008 and 29929?
173
Calculate the highest common factor of 414 and 56774442.
138
What is the greatest common divisor of 7663888 and 8816?
464
What is the highest common factor of 3993606 and 18?
18
Calculate the greatest common factor of 2739350 and 905.
5
Calculate the highest common factor of 4168 and 75976.
8
Calculate the greatest common divisor of 37393900 and 160.
20
Calculate the highest common factor of 1305922 and 4150.
166
Calculate the highest common divisor of 70588209 and 123225.
4929
Calculate the greatest common factor of 9383632 and 1265.
23
Calculate the greatest common divisor of 112024 and 15523.
19
Calculate the highest common factor of 244841606 and 58.
58
Calculate the greatest common divisor of 10294880 and 42864.
752
What is the greatest common factor of 72 and 11578068?
36
Calculate the highest common factor of 32353230 and 39.
39
What is the greatest common divisor of 47804 and 28804?
76
What is the greatest common divisor of 144845225 and 6340?
1585
Calculate the highest common divisor of 2045 and 66944711.
409
Calculate the greatest common factor of 39 and 140598159.
39
Calculate the highest common divisor of 476324 and 20844.
772
Calculate the highest common divisor of 392618 and 4469.
109
What is the greatest common factor of 1852272 and 128592?
2736
Calculate the greatest common divisor of 25543 and 483448.
623
Calculate the greatest common factor of 6121860 and 732.
12
Calculate the greatest common divisor of 1181476 and 6572.
212
What is the greatest common factor of 6080 and 352086720?
6080
Calculate the greatest common divisor of 148446140 and 184.
92
What is the highest common factor of 464 and 1944392?
232
What is the greatest common factor of 30407076 and 567?
567
Calculate the highest common factor of 27772776 and 638848.
5704
What is the greatest common divisor of 87348 and 1938360?
348
What is the highest common divisor of 7406778 and 54?
6
Calculate the highest common factor of 3232915 and 455.
35
What is the greatest common factor of 914652 and 333396?
972
Calculate the greatest common divisor of 3875480 and 245.
35
Calculate the greatest common factor of 43100 and 2857400.
100
Calculate the greatest common divisor of 4300 and 100684070.
430
Calculate the greatest common factor of 8608 and 285792.
32
What is the greatest common factor of 938479 and 4981?
293
Calculate the highest common divisor of 27042496 and 156.
52
What is the highest common factor of 18988 and 16920?
188
Calculate the greatest common factor of 8 and 23290300.
4
What is the greatest common factor of 306 and 27015635?
17
Calculate the greatest common factor of 111010 and 39185.
85
What is the highest common divisor of 46 and 13582084?
2
What is the highest common factor of 116997 and 2878433?
59
What is the greatest common divisor of 310662 and 90288?
594
What is the highest common factor of 4495 and 24914886?
899
What is the highest common factor of 1136 and 556638864?
1136
What is the greatest common factor of 1243448968 and 8?
8
Calculate the greatest common factor of 1302 and 313436319.
651
What is the greatest common divisor of 435686 and 16826?
358
Calculate the greatest common divisor of 233498112 and 1280.
256
Calculate the highest common divisor of 6 and 681755898.
6
Calculate the greatest common divisor of 167970 and 41910.
330
Calculate the greatest common factor of 291814 and 163784.
118
What is the greatest common factor of 37389183 and 975?
39
Calculate the greatest common divisor of 7119 and 27503.
7
Calculate the highest common factor of 632939118 and 28.
14
Calculate the greatest common factor of 30058 and 7237537.
2147
What is the greatest common divisor of 89366793 and 753?
753
Calculate the highest common factor of 355 and 2531008.
71
What is the highest common factor of 27 and 2216686149?
27
What is the highest common factor of 41976 and 2488552?
88
What is the highest common factor of 164 and 104322983?
41
What is the greatest common divisor of 3258 and 171161745?
543
Calculate the highest common divisor of 1081 and 233059.
23
What is the highest common divisor of 11142660 and 40?
20
Calculate the highest common divisor of 1641010 and 13430.
170
Calculate the greatest common factor of 512209 and 28355.
107
Calculate the highest common divisor of 18 and 21732003.
9
What is the greatest common divisor of 294513 and 23963?
773
Calculate the highest common factor of 83328686 and 452.
226
What is the highest common divisor of 6 and 104397861?
3
Calculate the greatest common divisor of 268056 and 5474.
34
What is the highest common factor of 5390 and 60130?
70
Calculate the greatest common factor of 22143980 and 5.
5
What is the highest common divisor of 161565949 and 95?
19
What is the highest common factor of 256 and 269597696?
256
Calculate the highest common divisor of 8822814 and 16.
2
Calculate the greatest common divisor of 13505 and 2294.
37
What is the highest common divisor of 779 and 52318419?
779
Calculate the highest common factor of 2523032 and 10726.
346
Calculate the highest common factor of 1605465 and 63.
9
Calculate the highest common factor of 77644401 and 712.
89
Calculate the greatest common divisor of 277848 and 2024613.
2043
What is the highest common divisor of 162158 and 1595770?
178
What is the greatest common factor of 34453 and 71273?
263
Calculate the greatest common factor of 745844 and 2254.
46
Calculate the highest common divisor of 289179396 and 1386.
198
Calculate the highest common divisor of 6 and 5912967.
3
What is the highest common divisor of 873933129 and 9?
9
Calculate the highest common divisor of 274776 and 1812.
12
Calculate the highest common divisor of 1945098 and 4176.
18
Calculate the highest common factor of 52 and 42284086.
26
Calculate the greatest common factor of 1050 and 1151400.
150
What is the greatest common factor of 215965 and 7944755?
4595
What is the greatest common factor of 1758749 and 2404437?
1877
What is the highest common factor of 31753211 and 14?
7
What is the highest common factor of 60916867 and 11?
11
What is the highest common factor of 9 and 143330211?
9
What is the highest common factor of 992028 and 396739?
361
Calculate the greatest common factor of 1288 and 257140.
92
Calculate the highest common divisor of 461794800 and 2550.
2550
What is the highest common factor of 15530589 and 5589?
621
What is the highest common divisor of 2565 and 6781875?
15
Calculate the highest common factor of 7625506 and 160615.
2471
Calculate the greatest common factor of 23959 and 3705.
247
What is the highest common factor of 70574091 and 11382?
5691
What is the highest common divisor of 4 and 1095902?
2
What is the greatest common divisor of 218 and 29462591?
109
Calculate the greatest common divisor of 3650108 and 352.
44
Calculate the greatest common factor of 306322933 and 7.
7
What is the highest common divisor of 10744064 and 512?
256
What is the greatest common divisor of 97125589 and 77?
11
What is the greatest common divisor of 144330752 and 18568?
1688
Calculate the greatest common divisor of 13145656 and 96.
8
Calculate the highest common divisor of 29532185 and 860.
215
Calculate the highest common factor of 60374140 and 154496.
4828
Calculate the highest common divisor of 1994937 and 882.
147
Calculate the highest common factor of 327813 and 204756.
339
Calculate the highest common factor of 89178 and 1060116.
1002
Calculate the highest common divisor of 1776 and 85089936.
1776
